)/(-20) - 2/(12/(-1875))?
1
Let h(i) = -4*i - 11. What is the tens digit of h(-8)?
2
Let v(l) = 2*l - 9. Let x be 2/(-3) + 100/15. Let y be v(x). Suppose 8 = y*k + k. What is the units digit of k?
2
Let k(x) = 88*x**2 + 3*x - 2. What is the units digit of k(1)?
9
Suppose 0 = 4*g - 0*g - 60. What is the units digit of g?
5
Suppose 2*x - 7*x + l - 3 = 0, -2*l = -x - 6. Suppose 2*m - 4 = -x*m. What is the units digit of m?
2
Let l = 84 + -45. What is the tens digit of l?
3
Suppose 5*g - 15 = 0, 0*l - l + 59 = -g. What is the tens digit of l?
6
Suppose 3*h - 9 = -3*m, 7 = h + 7*m - 2*m. What is the units digit of h?
2
Let v(t) = t**2 + 2*t - 1. Let m be v(-5). Suppose -o - 12 = -3*o. Let u = m - o. What is the units digit of u?
8
Let j(v) = 8*v**2. Let k be j(1). Suppose 3*y - 6 = -0*y. Suppose o - y - k = 0. What is the units digit of o?
0
Let u = 80 - -9. Let t = -58 + u. What is the units digit of t?
1
Let f(c) = c**2 + 3*c - 6. Let o = 7 + -13. What is the units digit of f(o)?
2
Let h be 272/8 + 4/2. Suppose -4*m + 12 = -h. What is the units digit of m?
2
What is the tens digit of (-1)/2*-146 - 1?
7
Let t = -7 - -26. What is the units digit of t?
9
Suppose 3*r - 12 = 42. What is the tens digit of r?
1
Suppose -2*c = o - 2*o - 563, 2*c + 2*o = 548. What is the units digit of c?
9
Let r = 1 + 1. Suppose -2 = 5*p - 4*p, 0 = h + p - 17. Suppose -2*s = 5*x - 21, 3*x + r*s = 6*x - h. What is the units digit of x?
5
Suppose -l = l + 36. Let m = l - -30. What is the units digit of m?
2
Let z = 61 - 6. Suppose 5*t = z + 115. What is the units digit of t?
4
Suppose -2*t = 0, 87 = 4*c + 2*t - 81. What is the tens digit of c?
4
Let k(s) = s**3 - 4*s**2 - 7*s + 1. Let n be k(5). Let c be n/(-3) + (-2 - -2). Suppose -z = -2*p - 3*z + 16, c*z = p. What is the units digit of p?
6
Let r be (-48)/(-5) - (-8)/20. Let t = r + 1. What is the units digit of t?
1
Suppose 8 = 3*c + l, 0 = 3*c - 3*l - l - 28. Suppose 4*x - 1 = 15. Suppose n - c = x. What is the units digit of n?
8
Let g = -10 + 18. Suppose -7*d = -3*d - g. Let j = 3 + d. What is the units digit of j?
5
Suppose -n = -6*n - 3*y - 185, -5*n - 2*y - 190 = 0. What is the tens digit of 20/10 + n/(-2)?
2
Suppose -2*k = -11 + 3. Suppose 2*n = -5*b + 38, -6*b = -5*n - b + 130. Suppose 0 = -2*z + k*z - n. What is the units digit of z?
2
Suppose 0 = 19*w - 16*w + 15. Let a(k) = 3*k**2 + k + 2. Let t be a(-2). Let f = t + w. What is the units digit of f?
7
Let z(n) = n**2 + 7*n + 3. Let d be z(-7). Suppose 2*j = -0*j. Suppose 0 = -d*t - j*t + 6. What is the units digit of t?
2
Suppose -n - 16 = -5*n. Suppose -3*h - k + n*k = -111, -h = -4*k - 49. What is the units digit of h?
3
Let s be -1 + (-1 - 1) + 13. Let w = s + -5. What is the units digit of w?
5
Let q(v) = 34*v**3 + 2*v**2 - 2*v + 1. What is the tens digit of q(1)?
3
Let t(z) = -12*z - 3. Let j be 24/(-30)*(-5)/(-2). What is the units digit of t(j)?
1
Suppose -8*a + 240 = -600. What is the units digit of a?
5
Let u be (-2)/8 - (-39)/12. Suppose u*l = -27 + 6. Let a = l - -13. What is the units digit of a?
6
Let q(t) = 2*t + 6. Let i(l) = -7*l - 25. Let a(m) = -2*i(m) - 9*q(m). What is the units digit of a(-4)?
2
Suppose -5*s = -2*u - u + 107, -2*s = 2*u - 66. What is the tens digit of u?
3
What is the units digit of (1124/(-6))/((-1)/(21/14))?
1
Suppose -3*x + 186 = 3*x. Let r = x - -22. What is the tens digit of r?
5
Let c(l) = -5*l**3 + 3*l**2 - 5*l. Let u(y) = -y**3 - y. Let g(a) = -c(a) + 6*u(a). Let b be g(-2). What is the tens digit of (b - 12/(-21))*-7?
1
Suppose 4*r - 16 = 0, -2*z - 3*r = -2*r + 14. Let j(k) = k**2 + 10*k + 8. Let t be j(z). What is the tens digit of (t - 15)/((-1)/1)?
1
Let c(h) = -h**3 - 5*h**2 - 3*h - 3. Let d be c(-3). Let z be (3/(-6))/(1/d). What is the units digit of -1*3/z*-12?
6
Let w = 9 - -18. What is the units digit of w?
7
What is the tens digit of -3*(-1)/(-2)*(-428)/6?
0
Let p(a) = a**3 - 8*a**2 + 12*a - 12. What is the tens digit of p(8)?
8
Suppose 0 = -p + 9 + 7. Suppose -p = -2*z - 6. What is the units digit of z?
5
Let m(c) = -2*c**2 + c - 3. Let u(z) = 2*z**2 - z + 4. Let y(l) = -3*m(l) - 2*u(l). What is the tens digit of y(-2)?
1
What is the units digit of 62 - -2*4/(-8)?
1
Let n = -67 - -120. What is the units digit of n?
3
Let r = -203 + 297. What is the units digit of r?
4
Suppose 4 = -2*i + 3*i. Suppose -i = 2*c - 3*c. What is the units digit of c?
4
Let n = -46 - -123. What is the tens digit of n?
7
Suppose -k + 2*q = -2 - 4, q = 0. Let c(g) = 1 + 8*g - 2*g**2 - 3 + g**2. What is the units digit of c(k)?
0
Suppose 6 = 4*w - 18. Let k = 1 - -2. Suppose 0 = -k*x + w - 3. What is the units digit of x?
1
Suppose 0 = 2*p + o + 3*o - 76, 99 = 3*p + o. What is the tens digit of p?
3
Let u(i) = -i. Let h(p) = 15*p. Let o(x) = 3*h(x) + 36*u(x). Let b be o(2). Let t = b + -11. What is the units digit of t?
7
Suppose 3*q + y - 7 = 5, 3*y = -4*q + 11. Let f = -5 + q. What is the units digit of 1 + f/2 - -2?
3
Let y(c) = -c**3 - 6*c**2 + 8*c + 9. Let u be y(-7). Suppose a = 4 - u. Let q = a - -5. What is the units digit of q?
7
Let y(l) = 1. Let r(o) be the first derivative of -o**2/2 - o - 2. Let d(i) = r(i) - 2*y(i). What is the units digit of d(-7)?
4
Let k(z) = z + 21. Let a = -28 - -18. What is the tens digit of k(a)?
1
Suppose 2*g = -0*g + 12. Suppose -q + 3*z + g = 13, 5*q + 2*z - 16 = 0. What is the units digit of q?
2
Let d = -41 - -95. What is the tens digit of d?
5
Let u = -4 + 9. Suppose -u*g + 88 = -g. Suppose -8 = -5*b + g. What is the units digit of b?
6
Suppose 5 = 2*f + 5*l - 2, -5*l = 5*f - 10. What is the tens digit of (f + -1)/4 - -11?
1
Let k(c) = -10*c**2 + c + 1. Let m be k(-1). What is the units digit of m/15 - 244/(-6)?
0
Suppose 6*n - 936 = -0*n. What is the units digit of n?
6
Let p(f) = f**2 - f. Let t be p(-1). Suppose -4*q = u - 25, 6*u - 67 = t*u - 5*q. What is the units digit of u?
3
Suppose 0 = -3*h - 53 + 269. What is the units digit of h?
2
What is the units digit of -3 - 142*(-1)/2?
8
Let n be (-4)/(-2) - (1 + 1). Suppose 5*y + 8 + 7 = n. Let t = 5 + y. What is the units digit of t?
2
Let r = -1 + -2. Let a(v) = -v - 3. Let p be a(5). Let x = r - p. What is the units digit of x?
5
Suppose -5*w = 3*f, -f = f. Suppose 0 = -l - w*l + 5. Let t = -1 + l. What is the units digit of t?
4
What is the tens digit of (30/8)/((-5)/(-40))?
3
Let i = -4 + 7. Suppose -i = -p - 2*p. What is the units digit of (-1)/(p*1/(-19))?
9
Suppose 0*u - 2*u = -4*h + 118, u = -4*h + 127. What is the units digit of h?
1
Let p(k) = k**3 - 3*k**2 + k. Let o be p(3). Suppose 3*v + 5*z - 99 = 0, o*v - 5*v + 73 = z. What is the tens digit of v?
3
Suppose -5*p = -2*h - 7, 10 = -2*p + 4*p. What is the tens digit of 3*(-4 + 156/h)?
4
Suppose 0 = -0*d - 2*d + 10. Let b(k) = k + 6. What is the units digit of b(d)?
1
Suppose 2*s = 2 + 10. Suppose -s*q + 43 = -5. What is the units digit of q?
8
Suppose 5*h - 110 = -3*b, 5*b - b - 2*h - 190 = 0. Let n = 70 - b. What is the tens digit of n?
2
Let h = -20 + 60. Suppose 0 = o + 5, -3*t + o - 2*o = -h. Suppose t = 2*a - 5. What is the units digit of a?
0
Suppose -3*b = 2*b - 75. Let o = 21 - b. What is the units digit of o?
6
Let o(g) = 2*g - 4. Let a be o(4). Suppose -22 - 6 = 4*u + 4*c, -5*u = a*c + 32. Let w(v) = -v**2 - 9*v - 6. What is the units digit of w(u)?
4
Let v = 17 - 3. What is the tens digit of v?
1
Let f(g) = g**2 + 32. What is the tens digit of f(0)?
3
Let k be (-1)/((1 + 2)/(-18)). Suppose -k*v = -v - 65. What is the units digit of v?
3
Suppose 2*d - 4*d = -4. Suppose -i - 1 = -d. What is the units digit of i?
1
Let d(u) = -u**2 + 1. Let x be d(0). Suppose 6 - x = o. Suppose -2*i + 3*i = 4*n - 7, -o*n = -20. What is the units digit of i?
9
Let z(y) = y + 3. Let k be z(-5). Suppose 4*o = -4*l - 28, -4*l = -o - 6*l - 9. Let a = k - o. What is the units digit of a?
3
Let p(m) be the first derivative of -m**3/3 + 5*m**2 - 9*m - 1. What is the tens digit of p(7)?
1
Suppose -3*d - 75 = -6*d. What is the tens digit of d?
2
Let m(r) = -r**3 - 3*r**2 + 4. Let x be m(-3). Suppose 3*k - 5*u + 29 = 0, -3*u = 3*k - 0 - 3. Let y = x + k. What is the units digit of y?
1
Let d(p) = p**3 - 3*p**2 + 3. Let u be d(3). Suppose -v + u*v + 2*c - 10 = 0, -2*v - 4*c = -16. What i